2 - 8*b + 5. Calculate d(-3).
101
Let r(y) = y**2 + 83*y + 1728. Determine r(-39).
12
Let u(r) = 182*r + 196. Calculate u(-1).
14
Let g(a) = 9712*a + 126283. Determine g(-13).
27
Let f(n) = -4*n**2 + 375*n + 7549. Determine f(-17).
18
Let d(r) = 4*r**3 + 351*r**2 - 87*r + 116. Give d(-88).
28
Let a(b) = 137*b**2 + 1509*b - 17. Determine a(-11).
-39
Let r(g) = -12*g - 332. Determine r(-29).
16
Let u(b) = -90*b + 1966. What is u(22)?
-14
Let d(l) = 2*l**3 + 13*l**2 - 30*l + 6. What is d(-8)?
54
Let z(s) = 183*s - 22504. Give z(123).
5
Let c(t) = -226*t + 3177. Determine c(14).
13
Let j(s) = 18*s + 2. Calculate j(-1).
-16
Let h(a) = a**3 + 665*a**2 - 4706*a + 8. What is h(7)?
-6
Let k(h) = h**3 + 10*h**2 - 18*h - 147. Calculate k(-11).
-70
Let y(u) = -u**2 + 12*u + 1263. What is y(-30)?
3
Let t(j) = -56*j + 9. Give t(1).
-47
Let l(t) = 3*t**2 + 1034*t - 5229. What is l(5)?
16
Let b(r) = 65*r + 549. Determine b(-12).
-231
Let n(w) = 2*w**3 + 568*w**2 + 567*w + 275. Calculate n(-283).
-8
Let j(a) = 3*a**2 - 95*a + 307. Calculate j(28).
-1
Let w(z) = 3*z**2 + 16*z - 1333. What is w(-24)?
11
Let h(p) = 2*p**2 + 31*p - 18. What is h(0)?
-18
Let a(y) = y**2 - 53*y + 191. Determine a(4).
-5
Let z(m) = -385*m - 81. Calculate z(-2).
689
Let r(s) = -18*s - 352. Calculate r(-28).
152
Let d(q) = q**3 - 40*q**2 - 338*q + 97. Calculate d(47).
-326
Let w(u) = u**3 - 11*u**2 - 12*u + 204. Determine w(12).
204
Let s(m) = -m**3 - 26*m**2 - 96*m - 125. Calculate s(-22).
51
Let n(t) = 3*t**3 - 7*t**2 + 52*t - 102. Calculate n(2).
-2
Let k(h) = h**3 - 27*h**2 + 33*h + 10. Calculate k(26).
192
Let u(f) = 7*f**3 - f**2 - 32*f + 111. Calculate u(3).
195
Let k(i) = i**3 + 58*i**2 - 64*i - 282. Calculate k(-59).
13
Let h(f) = -418*f - 14258. Give h(-34).
-46
Let l(f) = -f - 78. Give l(-16).
-62
Let q(k) = -2*k**2 - 20*k - 163. Give q(-11).
-185
Let b(o) = -104*o - 83. What is b(0)?
-83
Let v(d) = -7*d**2 - 1309*d + 2652. What is v(-189)?
6
Let k(q) = -157*q + 2050. Determine k(13).
9
Let r(k) = 6350*k + 31762. Determine r(-5).
12
Let u(s) = -s**3 + 75*s**2 + 77*s - 83. What is u(76)?
-7
Let v(l) = -2*l**2 - 2*l + 17. What is v(0)?
17
Let h(c) = -5*c**2 + 1053*c - 9073. Give h(9).
-1
Let b(l) = -6*l**2 + 45*l - 39. Calculate b(6).
15
Let m(s) = -1717*s - 5152. Determine m(-3).
-1
Let l(i) = 2*i**3 + 45*i**2 + 6*i + 649. Determine l(-23).
-18
Let z(m) = -3*m**3 + 27*m**2 + 26*m + 51. Determine z(10).
11
Let l(a) = a**3 - 62*a**2 - 193*a - 121. Determine l(65).
9
Let a(u) = 10*u**3 + 232*u**2 + 56*u + 17. Give a(-23).
-213
Let c(r) = -3*r**2 - 112*r + 1091. Calculate c(8).
3
Let b(r) = r**3 - 4*r**2 - 95*r - 298. Calculate b(13).
-12
Let n(r) = 4*r**2 + 24*r - 247. What is n(-11)?
-27
Let l(o) = -o**3 - 17*o**2 + 37*o - 43. Give l(-19).
-24
Let f(y) = 3025*y + 30. Calculate f(0).
30
Let s(o) = -9*o**2 + 71*o - 135. What is s(2)?
-29
Let x(h) = -2*h**3 - 346*h**2 + 1414*h - 356. What is x(-177)?
-2
Let r(b) = -4*b + 42. Determine r(9).
6
Let t(x) = -2721*x + 10887. Calculate t(4).
3
Let g(n) = 2*n**2 + 66*n - 572. Calculate g(7).
-12
Let i(h) = h**3 - 84*h**2 + 801*h + 134. Calculate i(73).
-12
Let o(h) = -h**3 - 100*h**2 - 655*h - 359. Give o(-93).
13
Let z(u) = -363*u - 1634. Determine z(-5).
181
Let q(d) = 20*d - 110. Calculate q(9).
70
Let s(b) = -2*b**3 + 22*b**2 + 4*b - 8. Determine s(12).
-248
Let u(q) = 44*q - 231. Calculate u(7).
77
Let w(a) = 21*a + 169. Give w(-18).
-209
Let a(v) = -613*v + 63152. Determine a(103).
13
Let k(c) = 4*c**2 - 239*c + 1239. What is k(54)?
-3
Let b(g) = 3*g**3 + 20*g**2 - 35*g - 27. Give b(-8).
-3
Let f(w) = 40*w + 501. Calculate f(-16).
-139
Let m(q) = q**2 - 47*q - 28. Give m(38).
-370
Let n(j) = 16*j**2 + 1200*j - 9. What is n(-75)?
-9
Let t(f) = -23*f + 1545. Determine t(67).
4
Let q(f) = 3*f**2 + 59*f + 80. What is q(-19)?
42
Let a(l) = 20*l + 20. Give a(0).
20
Let k(n) = 32*n + 304. Determine k(-5).
144
Let o(k) = 977*k - 6847. Determine o(7).
-8
Let h(k) = -28*k - 3. What is h(3)?
-87
Let x(h) = h**3 + 26*h**2 + 23*h - 62. Give x(-24).
538
Let a(t) = t**3 - 5*t**2 - 284*t - 313. Determine a(20).
7
Let z(j) = -j**3 - 20*j**2 + 15*j + 903. Give z(-18).
-15
Let j(u) = 44*u + 376. Determine j(-9).
-20
Let q(y) = -y**3 - 17*y**2 + 18. What is q(-17)?
18
Let a(s) = 39*s**2 - 16*s + 34. Determine a(3).
337
Let n(d) = d**3 - 47*d**2 - 53*d - 2200. What is n(49)?
5
Let c(a) = a**3 - 4*a**2 - 49*a - 11. Calculate c(6).
-233
Let a(n) = n**2 - 2*n - 850. What is a(-28)?
-10
Let y(m) = -6*m - 86. What is y(-12)?
-14
Let d(g) = g**3 - 209*g**2 + 898*g - 16004. Give d(205).
-14
Let x(o) = -o**3 - 202*o**2 - 5034*o - 2947. What is x(-173)?
-6
Let x(l) = 11*l**2 + 72*l - 32. Determine x(-7).
3
Let t(p) = p**3 - 7*p**2 - 28*p + 9. Determine t(9).
-81
Let s(x) = 2*x**2 - 16*x + 5. Calculate s(3).
-25
Let o(h) = -3*h + 91. Determine o(-2).
97
Let d(x) = 22*x**2 - 17*x + 110. Calculate d(5).
575
Let p(t) = -t**3 - 76*t**2 - 284*t + 280. Calculate p(-72).
-8
Let v(f) = -f**3 + 34*f**2 + 39*f - 140. Calculate v(35).
0
Let h(w) = -w**3 - 11*w**2 - 396*w - 2994. Give h(-8).
-18
Let w(f) = 4*f**2 - 451*f - 2529. Determine w(118).
-51
Let k(f) = f**3 - 2*f**2 - 5*f - 48. Determine k(5).
2
Let k(r) = -r**2 + 5*r + 7. Determine k(5).
7
Let w(p) = -p**3 + 4*p**2 - 8*p - 23. Determine w(-4).
137
Let d(c) = c**3 + 12*c**2 + 44*c + 493. Give d(-12).
-35
Let f(k) = -5*k**2 + 59*k + 491. What is f(-7)?
-167
Let u(r) = -r**3 - 21*r**2 - 22*r + 138. Give u(-20).
178
Let u(j) = -j**2 - 20*j - 220. What is u(0)?
-220
Let q(i) = -i**3 + 5*i**2 + 122*i - 608. What is q(5)?
2
Let b(r) = -5772*r + 138534. Give b(24).
6
Let f(j) = -2*j**2 + 32*j + 690. What is f(31)?
-240
Let s(d) = -d**3 - 14*d**2 + 217*d + 2787. What is s(-13)?
-203
Let o(i) = 65*i - 694. Determine o(11).
21
Let q(y) = 137*y + 710. What is q(-5)?
25
Let x(j) = 2*j**2 - 58*j - 1242. Calculate x(43).
-38
Let t(i) = -6*i - 204. Calculate t(-35).
6
Let m(h) = 6*h**2 - 4*h + 15. Determine m(5).
145
Let p(q) = q**3 + 25*q**2 - 29*q - 84. Give p(-26).
-6
Let l(s) = s**2 - 15*s - 727. Give l(34).
-81
Let x(n) = -n**3 + 3*n**2 - 8*n + 37. Calculate x(4).
-11
Let f(u) = 4*u**3 - 154*u**2 + 82*u - 81. Give f(38).
147
Let j(u) = 2*u**3 - 18*u**2 + 62*u - 109. Calculate j(5).
1
Let d(h) = -h**2 - 60*h + 1701. Give d(21).
0
Let d(z) = 19*z**3 + 798*z**2 - z - 33. What is d(-42)?
9
Let m(y) = y**2 + 3*y - 10472. Calculate m(-104).
32
Let o(s) = -2*s**3 + 29*s**2 + 37*s - 314. What is o(15)?
16
Let c(j) = -23*j + 411. Give c(17).
20
Let y(q) = 11*q**2 - 17*q + 16. Calculate y(1).
10
Let y(p) = -p**3 - 2*p**2 - 11*p - 83. What is y(-4)?
-7
Let l(x) = -2*x - 59. Determine l(-39).
19
Let g(f) = -48*f - 763. Determine g(-16).
5
Let y(i) = -i**3 - 25*i**2 + 11*i - 43. What is y(-25)?
-318
Let h(n) = -26*n - 2143. Determine h(-84).
41
Let f(k) = 2*k**2 + 76*k + 673. Calculate f(-14).
1
Let l(x) = -x**3 - 45*x**2 - 506*x - 6. Calculate l(-23).
-6
Let h(s) = -4319*s + 30211. Calculate h(7).
-22
Let u(c) = 5*c**3 - 32*c**2 + 15*c - 26. Calculate u(6).
-8
Let k(x) = 73*x + 796. Calculate k(-14).
-226
Let m(x) = 32*x + 1818. Give m(-57).
-6
Let l(k) = k**2 - 16*k - 572. Calculate l(-22).
264
Let h(b) = 2*b**2 - 53*b + 377. What is h(11)?
36
Let p(o) = -466*o - 5585. What is p(-12)?
7
Let b(f) = 19301*f + 328119. Determine b(-17).
2
Let t(f) = 106*f - 318. What is t(3)?
0
Let n(p) = 237*p + 1419. Calculate n(-6).
-3
Let s(l) = -l**3 + 84*l**2 + 263*l - 185. Give s(87).
-11
Let f(d) = -d**3 - 14*d**2 + 3*d + 183. Give f(-13).
-25
Let g(c) = c**3 - 29*c**2 + 145*c + 301. Calculate g(21).
-182
Let s(z) = 519*z - 583. Determine s(1).
-64
Let x(b) = 2*b**2 + 38*b + 89. Determine x(-16).
-7
Let v(i) = -2*i**2 - 90*i + 208. Calculate v(-47).
20
Let k(b) = -b**3 + 31*b**2 - 45*b + 320. Calculate k(30).
-130
Let w(x) = -199*x + 1409. Determine w(7).
16
Let d(r) = -7165*r - 50159. Calculate d(-7).
-4
Let c(g) = 57*g - 967. Calculate c(17).
2
Let l(y) = 10824*y + 64961. Determine l(-6).
17
Let b(w) = -w**3 - 15*w**2 - 15*w - 71. Give b(-14).
-57
Let b(s) = 172*s**3 + 18*s**2 - 14*s - 4. What is b(1)?
172
Let c(i) = i**3 - 19*i**2 + 59*i + 46. Calculate c(6).
-68
Let s(n) = -6*n**2 + 82*n + 20. What is s(15)?
-100
Let h(k) = 16*k - 371. Wha